) = -y**3 + 21*y**2 + 8*y - 124. What is a(17)?
1168
Let l(y) = -y - 13. What is l(-14)?
1
Let m(o) = -89*o + 963. What is m(11)?
-16
Let l(f) = 37*f + 186. Give l(-4).
38
Let u(o) = -440*o - 5731. Calculate u(-13).
-11
Let g(f) = -5*f**3 - 15*f**2 - 44*f - 143. Give g(-3).
-11
Let g(x) = -9*x**2 + 5*x - 13. Determine g(3).
-79
Let y(f) = -421*f - 11778. What is y(-28)?
10
Let m(y) = -2*y**3 - 12*y**2 + 54*y + 15. What is m(-9)?
15
Let t(j) = j**3 + 24*j**2 + 135*j - 117. Determine t(-11).
-29
Let a(n) = -375*n + 4843. Determine a(13).
-32
Let w(k) = -k**2 + 50*k + 406. What is w(57)?
7
Let j(y) = 30*y - 111. Calculate j(28).
729
Let v(f) = 17*f - 116. Determine v(9).
37
Let v(r) = 122*r + 541. What is v(-4)?
53
Let f(z) = 2*z**3 - 16*z**2 - 18*z - 19. Calculate f(9).
-19
Let y(m) = m**3 - 4*m**2 - 79*m + 369. Determine y(5).
-1
Let b(r) = -258*r - 1288. What is b(-5)?
2
Let k(x) = 6*x - 7. Calculate k(-4).
-31
Let y(n) = -21*n - 156. What is y(-21)?
285
Let k(m) = -15*m + 214. Give k(23).
-131
Let q(t) = t**3 - 3*t**2 + 18*t + 45. Calculate q(0).
45
Let k(t) = 100*t - 1313. Calculate k(13).
-13
Let u(b) = 446*b + 1080. Calculate u(-5).
-1150
Let s(c) = 50*c - 2003. Give s(40).
-3
Let h(a) = -2*a**2 - 37*a + 266. Give h(-25).
-59
Let f(g) = 771*g + 30839. Calculate f(-40).
-1
Let h(m) = -m**3 - 68*m**2 - 80*m - 5434. What is h(-68)?
6
Let a(x) = 10952*x - 153332. Give a(14).
-4
Let j(t) = -t**2 - 163*t + 2475. Give j(-177).
-3
Let g(x) = 446*x + 3119. Determine g(-7).
-3
Let l(n) = n**2 - 24*n + 99. Give l(23).
76
Let l(j) = 10*j - 615. What is l(58)?
-35
Let z(o) = 7*o - 24. What is z(-6)?
-66
Let c(n) = n**3 + 16*n**2 + 58*n + 20. Calculate c(-4).
-20
Let x(w) = -391*w**3 + 3*w**2 + 6*w + 4. Calculate x(-1).
392
Let x(c) = 15*c**3 - 59*c**2 + 15*c - 31. Determine x(5).
444
Let o(g) = g**2 + 1737*g - 24494. Calculate o(14).
20
Let a(m) = 1398*m + 9808. What is a(-7)?
22
Let j(z) = -47*z**2 + 87*z - 1. Calculate j(4).
-405
Let w(t) = t**3 + 17*t**2 + 19*t + 22. Determine w(-15).
187
Let q(b) = b**3 - 41*b**2 - 134*b + 98. What is q(44)?
10
Let z(q) = 13*q**3 + 79*q**2 + q - 28. Determine z(-6).
2
Let o(v) = 31*v**3 + 3*v**2 + 513*v + 1021. What is o(-2)?
-241
Let n(i) = 36*i**2 - 125*i - 123. Give n(-1).
38
Let r(n) = -2*n**2 + 39*n - 14. What is r(10)?
176
Let i(b) = b**3 - 6*b**2 - 39*b + 42. Calculate i(6).
-192
Let g(k) = k**2 - 615*k - 7519. What is g(-12)?
5
Let s(i) = i**3 + 63*i**2 - 4. Give s(0).
-4
Let a(u) = 35*u**2 + 9*u - 23. Calculate a(3).
319
Let l(j) = -j**3 + 25*j**2 + 24*j + 59. What is l(26)?
7
Let g(o) = 11*o + 169. What is g(-15)?
4
Let r(s) = 94*s**3 + 6*s**2 + 7*s + 1. Give r(-1).
-94
Let a(u) = u**2 - 151*u - 302. Calculate a(-2).
4
Let u(d) = -123*d + 5644. Calculate u(46).
-14
Let y(n) = -110*n - 5369. Calculate y(-50).
131
Let m(v) = 21*v**2 - 34*v - 43. Calculate m(-3).
248
Let u(r) = -2*r**3 + 26*r**2 + 930*r - 66. What is u(29)?
-8
Let f(x) = 2*x**3 - 23*x**2 - 23*x + 146. Give f(12).
14
Let y(j) = 492*j**2 + 3942*j + 40. Calculate y(-8).
-8
Let r(o) = -6*o - 108. What is r(-11)?
-42
Let z(m) = 2*m**2 - 28*m + 80. Give z(10).
0
Let s(c) = -c**3 - 6*c**2 + 48*c + 163. Determine s(-3).
-8
Let u(v) = v**3 + 13*v**2 - 64*v - 986. Determine u(-11).
-40
Let g(b) = -224*b - 5402. Determine g(-24).
-26
Let q(h) = -59*h + 270. Give q(6).
-84
Let h(b) = b**3 + 39*b**2 - 83*b - 1. Determine h(2).
-3
Let m(l) = 141*l - 1914. Determine m(14).
60
Let t(s) = -18*s**3 - 2*s**2 + 4*s. Give t(2).
-144
Let z(l) = -2*l**2 + 27*l + 58. What is z(-5)?
-127
Let i(c) = -c**2 + 33*c - 268. What is i(25)?
-68
Let n(s) = -s**3 + 10*s**2 - 51*s + 558. What is n(11)?
-124
Let l(u) = 113*u + 918. Calculate l(-8).
14
Let r(x) = -372*x - 57. Calculate r(0).
-57
Let x(h) = 8*h**2 + 128*h + 214. Give x(-14).
-10
Let o(g) = g**2 + 524*g + 5135. Calculate o(-10).
-5
Let v(m) = m**3 - 194*m**2 - 199*m + 790. What is v(195)?
10
Let h(p) = p**2 + 13*p + 93. Determine h(-18).
183
Let k(m) = -m**3 + 16*m**2 + 31*m + 16. Give k(-3).
94
Let c(q) = q**2 - 56*q + 683. Give c(15).
68
Let f(y) = y**2 - 53*y + 497. Give f(15).
-73
Let t(m) = -m**3 + 11*m**2 - 10*m - 78. Give t(9).
-6
Let g(c) = -32*c + 1991. Determine g(62).
7
Let i(n) = -5*n**2 + 231*n - 84. Determine i(46).
-38
Let g(t) = 6*t**2 - 517*t - 1518. What is g(89)?
-5
Let q(z) = z**3 - 162*z**2 - 1010*z + 347. Determine q(168).
11
Let p(h) = 138*h - 1565. Determine p(12).
91
Let p(w) = -14*w**2 + 31*w - 26. Give p(-5).
-531
Let i(b) = 2*b**3 - 6*b**2 + 1015*b - 2027. Give i(2).
-5
Let c(t) = t**3 + 31*t**2 + 59*t + 52. Calculate c(-29).
23
Let u(h) = h**3 - 4*h**2 - 7*h - 1. Give u(7).
97
Let a(u) = u**3 + 8*u**2 - 23*u - 114. Calculate a(-9).
12
Let q(m) = -4*m**3 - 107*m**2 + 260*m - 4. Determine q(-29).
25
Let b(j) = 738*j + 4431. Calculate b(-6).
3
Let f(t) = -t**3 - 9*t**2 + 2*t - 14. What is f(-5)?
-124
Let t(d) = d**2 - 69*d + 724. Calculate t(53).
-124
Let i(v) = -295*v + 2661. What is i(9)?
6
Let f(b) = b**2 + 136*b - 1048. Calculate f(7).
-47
Let y(x) = -10*x**2 - 25*x - 100. Calculate y(-9).
-685
Let k(h) = 7997*h - 7984. Give k(1).
13
Let l(a) = a**2 - 215*a - 5733. Give l(-24).
3
Let i(v) = -2*v**2 - 82*v - 631. What is i(-10)?
-11
Let l(r) = r**2 - 43*r - 582. What is l(54)?
12
Let v(a) = 3*a**3 - 29*a**2 + 48*a. Give v(2).
4
Let l(k) = 16*k**2 - 127*k - 1. Calculate l(8).
7
Let c(g) = 72*g**2 - g - 5. Calculate c(-1).
68
Let p(v) = -339*v + 1019. Give p(3).
2
Let l(r) = -37*r**2 - 50*r - 9. Determine l(-1).
4
Let v(o) = 61*o + 452. What is v(-7)?
25
Let t(p) = 454*p**2 - 1456*p + 3. Determine t(3).
-279
Let f(o) = -o**3 - 24*o**2 - 49*o - 1157. Determine f(-24).
19
Let d(t) = t**3 + 10*t**2 + 20*t - 29. Give d(-9).
-128
Let w(d) = -d**3 - 8*d**2 - 199*d - 4. Give w(0).
-4
Let z(v) = -62*v**2 + 671*v - 27. What is z(12)?
-903
Let d(t) = 24*t - 206. Give d(7).
-38
Let a(k) = k**2 - 29*k + 147. Calculate a(8).
-21
Let r(g) = 9*g + 67. Calculate r(4).
103
Let u(x) = 6*x**2 + 27*x - 9. What is u(3)?
126
Let p(b) = -b**3 - 15*b**2 + 6*b + 63. What is p(-15)?
-27
Let r(x) = -21*x**2 - 187*x + 15. Calculate r(-9).
-3
Let q(l) = -14*l**2 + 956*l - 165. Give q(68).
107
Let f(b) = 5*b**3 + 19*b**2 + 33*b + 31. Determine f(-4).
-117
Let f(o) = -3*o**3 + 509*o**2 + 694*o - 1706. Determine f(171).
4
Let j(x) = 8*x**2 - 13*x - 21. Calculate j(-2).
37
Let n(q) = -q**3 + 81*q**2 - 771*q + 2. Give n(11).
-9
Let w(k) = 22*k**2 + 90*k - 7. Calculate w(-5).
93
Let a(l) = 18*l + 969. What is a(-55)?
-21
Let p(t) = 7*t**3 - 5*t**2 - 15*t + 47. What is p(4)?
355
Let o(s) = -s**3 - 4*s**2 + s. What is o(0)?
0
Let g(q) = 6*q**3 - 4*q**2 - 2*q + 1. What is g(-2)?
-59
Let c(x) = x**2 + 69*x - 537. Give c(7).
-5
Let s(g) = 10*g**2 + 86*g - 27. What is s(-9)?
9
Let s(g) = 42*g - 11. What is s(-5)?
-221
Let q(o) = -o**2 + 49*o - 439. Determine q(42).
-145
Let z(h) = -h**3 + 58*h**2 + 836*h + 281. Calculate z(70).
1
Let s(r) = -r**3 + 24*r**2 + 2*r - 30. Calculate s(24).
18
Let d(a) = -25*a + 1652. Calculate d(67).
-23
Let p(n) = 1804*n - 45090. What is p(25)?
10
Let j(r) = -r**3 - 13*r**2 - 29*r - 620. Give j(-14).
-18
Let n(r) = 43*r**2 - 11*r + 7. Calculate n(-3).
427
Let i(m) = 31*m + 86. Give i(-3).
-7
Let o(z) = -z**2 - 627*z - 10482. What is o(-17)?
-112
Let y(n) = -137*n - 3147. Give y(-23).
4
Let j(n) = -18795*n + 187944. Calculate j(10).
-6
Let p(h) = 193*h + 1109. Determine p(-6).
-49
Let z(u) = -128*u + 5. Determine z(0).
5
Let d(n) = 2*n**3 - n**2 - n + 2. Give d(-3).
-58
Let t(u) = -2*u**3 + 29*u**2 - 16*u + 36. Give t(14).
8
Let z(p) = -p**2 + 638*p + 6464. What is z(-10)?
-16
Let j(r) = -r**3 + 4*r**2 - 23*r - 7. Determine j(5).
-147
Let j(v) = -120*v - 411. Determine j(-3).
-51
Let x(u) = -4*u**2 + 312*u + 1. Calculate x(78).
1
Let b(k) = 10*k + 18. Determine b(5).
68
Let n(f) = 730*f + 2215. Give n(-3).
25
Let c(b) = -4*b**2 + 109*b - 520. Determine c(6).
-10
Let r(o) = -2*o**3 - o**2 - 13*o + 69. Calculate r(4).
-127
Let b(y) = -74*y**2 + 191*y - 80. What is b(2)?
6
Let u(b) = -b**2 + 9*b + 123. Give u(-20).
-457
Let h(w) = 7*w**2 - w + 5. What is h(-4)?
121
Let b(g) = -18*g**2 - 317*g + 117. What is b(-18)?
-9
Let x(c) = 25*c**2 - 318*c + 1. Determine x(13).
92
Let t(j) = -61*j**2 - 5. Giv